{"id":1722,"date":"2017-11-08T12:29:11","date_gmt":"2017-11-08T10:29:11","guid":{"rendered":"http:\/\/scoalavulcanbrasov.info\/?page_id=1722"},"modified":"2017-11-08T12:45:00","modified_gmt":"2017-11-08T10:45:00","slug":"informatii-publice-legea-5442001","status":"publish","type":"page","link":"https:\/\/scoalavulcanbrasov.info\/?page_id=1722","title":{"rendered":"Informa\u021bii publice Legea 544\/2001"},"content":{"rendered":"<p><span style=\"color: #ff0000;\"><strong><img loading=\"lazy\" decoding=\"async\" class=\"alignleft wp-image-1734 size-medium\" src=\"https:\/\/scoalavulcanbrasov.info\/wp-content\/uploads\/2017\/11\/84473_transparenta-publica-620x350-300x169.jpg\" alt=\"\" width=\"300\" height=\"169\" srcset=\"https:\/\/scoalavulcanbrasov.info\/wp-content\/uploads\/2017\/11\/84473_transparenta-publica-620x350-300x169.jpg 300w, https:\/\/scoalavulcanbrasov.info\/wp-content\/uploads\/2017\/11\/84473_transparenta-publica-620x350.jpg 620w\" sizes=\"(max-width: 300px) 100vw, 300px\" \/><\/strong><\/span><\/p>\n<p>&nbsp;<\/p>\n<p>&nbsp;<\/p>\n<p style=\"text-align: center;\"><span style=\"color: #ff0000;\"><strong>LISTA DOCUMENTELOR DE INTERES PUBLIC EMISE DE \u0218COALA GIMNAZIAL\u0102 VULCAN<\/strong><\/span><\/p>\n<p><strong>\u00a0<\/strong><\/p>\n<p>&nbsp;<\/p>\n<p><strong><span style=\"color: #0000ff;\">1.\u00a0<\/span><\/strong><span style=\"color: #0000ff;\"><strong>Organizare \u015fi func\u0163ionare<\/strong><\/span><\/p>\n<p>\u25a0\u00a0Organigrama<\/p>\n<p>\u25a0\u00a0Regulamentul de organizare \u015fi func\u0163ionare intern\u0103<\/p>\n<p>\u25a0\u00a0Planul managerial<\/p>\n<p>\u25a0\u00a0Raportul anual \/semestrial al unit\u0103\u0163ii \u015fcolare<\/p>\n<p>\u25a0\u00a0Calendarul activit\u0103\u0163ilor educative<\/p>\n<p>\u25a0\u00a0Ordine, instruc\u0163iuni, regulamente \u015fi alte documente cu caracter normativ elaborate de Ministerul\u00a0Educa\u0163iei Na\u0163ionale<\/p>\n<p><span style=\"color: #0000ff;\"><strong>2. Re\u0163ea \u015fcolar\u0103<\/strong><\/span><\/p>\n<p>\u25a0\u00a0Tipul unit\u0103\u0163ii, adresa, datele de contact, numele \u015fi prenumele directorului, nivele de \u00eenv\u0103\u0163\u0103m\u00e2nt<\/p>\n<p>\u25a0\u00a0Statistici ce pot rezulta din aceste date<\/p>\n<p><span style=\"color: #0000ff;\"><strong>3. Plan de \u015fcolarizare<\/strong><\/span><\/p>\n<p>\u25a0\u00a0Statistici privind clasele \u015fi elevii pe nivele<\/p>\n<p><span style=\"color: #0000ff;\"><strong>4. Resurse umane<\/strong><\/span><\/p>\n<p>\u25a0\u00a0Structura personalului angajat (didactic, didactic auxiliar, nedidactic)<\/p>\n<p><span style=\"color: #0000ff;\"><strong>5. Resurse materiale<\/strong><\/span><\/p>\n<p>\u25a0\u00a0Sursele financiare, bugetul \u015fi bilan\u0163ul contabil<\/p>\n<p>\u25a0\u00a0Date statistice referitoare la cl\u0103diri, s\u0103li de clase \u015fi anexe, dot\u0103ri, avize etc.<\/p>\n<p>\u25a0\u00a0Situa\u0163ii \u015fcolare (promovabilitate, frecven\u0163\u0103, promovabilitate)<\/p>\n<p><span style=\"color: #0000ff;\"><strong>6. Investi\u0163ii<\/strong><\/span><\/p>\n<p>\u25a0\u00a0Rapoarte privind utilizarea fondurilor de investi\u0163ii<\/p>\n<p>\u25a0\u00a0Documente de atribuire a achizi\u0163iilor publice<\/p>\n<p><span style=\"color: #0000ff;\"><strong>7. Alte documente<\/strong><\/span><\/p>\n<p>\u25a0\u00a0Regulamente \u015fi grafice privind organizarea \u015fi desf\u0103\u015furarea olimpiadelor \u015fi concursurilor \u015fcolare;<\/p>\n<p>\u25a0 Situa\u0163ii statistice \u00een urma examenelor \u015fi concursurilor na\u0163ionale<\/p>\n<p>\u25a0\u00a0Lista parteneriatelor \u015fcoal\u0103-comunitate \u015fi alte institu\u0163ii, pentru anul \u00een curs<\/p>\n<p>\u25a0\u00a0Date statistice privind rezultatele la olimpiadele \u015fi concursurile \u015fcolare<\/p>\n","protected":false},"excerpt":{"rendered":"<p>&nbsp; &nbsp; LISTA DOCUMENTELOR DE INTERES PUBLIC EMISE DE \u0218COALA GIMNAZIAL\u0102 VULCAN \u00a0 &nbsp; 1.\u00a0Organizare \u015fi func\u0163ionare \u25a0\u00a0Organigrama \u25a0\u00a0Regulamentul de organizare \u015fi func\u0163ionare intern\u0103 \u25a0\u00a0Planul managerial \u25a0\u00a0Raportul anual \/semestrial al [&hellip;]<\/p>\n","protected":false},"author":1,"featured_media":0,"parent":0,"menu_order":0,"comment_status":"closed","ping_status":"closed","template":"","meta":{"footnotes":""},"_links":{"self":[{"href":"https:\/\/scoalavulcanbrasov.info\/index.php?rest_route=\/wp\/v2\/pages\/1722"}],"collection":[{"href":"https:\/\/scoalavulcanbrasov.info\/index.php?rest_route=\/wp\/v2\/pages"}],"about":[{"href":"https:\/\/scoalavulcanbrasov.info\/index.php?rest_route=\/wp\/v2\/types\/page"}],"author":[{"embeddable":true,"href":"https:\/\/scoalavulcanbrasov.info\/index.php?rest_route=\/wp\/v2\/users\/1"}],"replies":[{"embeddable":true,"href":"https:\/\/scoalavulcanbrasov.info\/index.php?rest_route=%2Fwp%2Fv2%2Fcomments&post=1722"}],"version-history":[{"count":6,"href":"https:\/\/scoalavulcanbrasov.info\/index.php?rest_route=\/wp\/v2\/pages\/1722\/revisions"}],"predecessor-version":[{"id":1737,"href":"https:\/\/scoalavulcanbrasov.info\/index.php?rest_route=\/wp\/v2\/pages\/1722\/revisions\/1737"}],"wp:attachment":[{"href":"https:\/\/scoalavulcanbrasov.info\/index.php?rest_route=%2Fwp%2Fv2%2Fmedia&parent=1722"}],"curies":[{"name":"wp","href":"https:\/\/api.w.org\/{rel}","templated":true}]}}