{"id":708,"date":"2014-09-29T09:45:50","date_gmt":"2014-09-29T07:45:50","guid":{"rendered":"http:\/\/scoalavulcanbrasov.info\/?page_id=708"},"modified":"2016-11-04T09:56:39","modified_gmt":"2016-11-04T07:56:39","slug":"posdru","status":"publish","type":"page","link":"https:\/\/scoalavulcanbrasov.info\/?page_id=708","title":{"rendered":"Proiect CIVIS"},"content":{"rendered":"<p style=\"text-align: justify;\"><img loading=\"lazy\" decoding=\"async\" class=\"alignleft wp-image-710\" src=\"https:\/\/scoalavulcanbrasov.info\/wp-content\/uploads\/2014\/09\/logio-civis.png\" alt=\"logio civis\" width=\"994\" height=\"206\" srcset=\"https:\/\/scoalavulcanbrasov.info\/wp-content\/uploads\/2014\/09\/logio-civis.png 994w, https:\/\/scoalavulcanbrasov.info\/wp-content\/uploads\/2014\/09\/logio-civis-300x62.png 300w, https:\/\/scoalavulcanbrasov.info\/wp-content\/uploads\/2014\/09\/logio-civis-250x51.png 250w\" sizes=\"(max-width: 994px) 100vw, 994px\" \/><\/p>\n<p style=\"text-align: justify;\"><a href=\"https:\/\/scoalavulcanbrasov.info\/wp-content\/uploads\/2014\/09\/linie-despartitor-5-final.jpg\"><img loading=\"lazy\" decoding=\"async\" src=\"https:\/\/scoalavulcanbrasov.info\/wp-content\/uploads\/2014\/09\/linie-despartitor-5-final.jpg\" alt=\"linie despartitor-5-final\" width=\"598\" height=\"15\"><\/a><\/p>\n<p style=\"text-align: center;\"><span style=\"font-size: 16px;\"><strong><span style=\"color: #ff0000;\">C<\/span>orelarea<span style=\"color: #ff0000;\"> I<\/span>nvatarii pentru <span style=\"color: #ff0000;\">V<\/span>iata cu <span style=\"color: #ff0000;\">I<\/span>ntegrarea <span style=\"color: #ff0000;\">S<\/span>ocioEducativa, <\/strong><\/span><\/p>\n<p style=\"text-align: center;\"><span style=\"font-size: 16px;\"><strong>CIVIS \u2013 ID 140293<\/strong><\/span><\/p>\n<p style=\"text-align: justify;\"><strong>Obiectivul general al proiectului<\/strong><br \/>\n<span class=\"dropcap\">C<\/span>resterea numarului de copii\/tineri reintegrati in sistemul de invatamant si sustinerea prescolarilor si elevilor proveniti din comunitati dezavantajate din judetele Brasov si Galati, prin operatiuni de preventie a abandonului scolar.<\/p>\n<p style=\"text-align: justify;\"><strong>Beneficiar:<\/strong>&nbsp; Inspectoratul Scolar Judetean Brasov<br \/>\n<strong>Partener 1:<\/strong>&nbsp;&nbsp; Inspectoratul Scolar Judetean Galati<br \/>\n<strong>Partener 2 :<\/strong>&nbsp; Fundatia pentru o societate deschisa<\/p>\n<p style=\"text-align: justify;\"><strong>Durata proiect:<\/strong>&nbsp; 18&nbsp; luni (aprilie 2014-octombrie 2015)<\/p>\n<p style=\"text-align: justify;\"><strong>Principalele activitati ale proiectului<\/strong><br \/>\n&#8211; &nbsp;&nbsp; Realizarea unui studiu privind contextualizarea programului A doua sansa<br \/>\n&#8211; &nbsp;&nbsp; Constituirea Centrelor de Asistenta Socio-Educativa (C.A.S.E) si a corpului de specialisti<br \/>\n&#8211; &nbsp;&nbsp; Organizarea si desfasurarea programului A doua sansa<br \/>\n&#8211; &nbsp;&nbsp; Organizarea si derularea de activitati de asistenta si consiliere<br \/>\n&#8211; &nbsp;&nbsp; Organizarea unei campanii de crestere a gradului de constientizare cu privire la problematica abandonului scolar<\/p>\n<p style=\"text-align: justify;\"><strong>Cum vor fi indeplinite obiectivele proiectului?<\/strong><br \/>\n&#8211; &nbsp;&nbsp; Exista doua componente de baza:&nbsp; componenta de program tip A doua sansa si componenta de consiliere<br \/>\n&#8211; &nbsp;&nbsp; La nivelul fiecarui judet, se infiinteaza cate doua C.A.S.E (Centre de Asistenta Socio-Educativa). In judetul Brasov la Scoala Gimnaziala 2 Codlea si Scoala Gimnaziala Maierus<br \/>\n&#8211; &nbsp;&nbsp; Fiecare centru C.A.S.E asigura suport pentru cate 4 scoli unde se desfasoara un program de tip A doua sansa<br \/>\n&#8211; &nbsp;&nbsp; Se va constitui un corp de specialisti in problematica abandonului scolar la nivelul fiecarui judet.<\/p>\n<p style=\"text-align: justify;\"><strong>Elemente cheie ale proiectului<\/strong><br \/>\n&#8211;&nbsp;&nbsp;&nbsp; ISJ Brasov si ISJ Galati sunt institutii cu experienta in problematica abandonului scolar<br \/>\n&#8211;&nbsp;&nbsp;&nbsp; Fundatia pentru o societate deschisa care a creat proiectul pilot A doua sansa, preluat la nivel national, este o organizatie cu experienta in relatia cu comunitatile dezavantajate.<br \/>\n&#8211;&nbsp;&nbsp;&nbsp; Imbinare intre o infrastructura IT moderna si resurse umane dedicate<br \/>\n&#8211;&nbsp;&nbsp;&nbsp; Promovarea rolului educatiei la nivelul comunitatilor prin actiuni de tip caravana promovate in media TV locala<br \/>\n&#8211;&nbsp;&nbsp;&nbsp; Studiu pentru diagnoza problematicii abandonului scolar la nivelul celor doua judete.<\/p>\n<p style=\"text-align: justify;\"><a href=\"https:\/\/scoalavulcanbrasov.info\/wp-content\/uploads\/2014\/09\/linie-despartitor-5-final.jpg\"><img loading=\"lazy\" decoding=\"async\" class=\"alignleft size-full wp-image-930\" src=\"https:\/\/scoalavulcanbrasov.info\/wp-content\/uploads\/2014\/09\/linie-despartitor-5-final.jpg\" alt=\"linie despartitor-5-final\" width=\"654\" height=\"13\" srcset=\"https:\/\/scoalavulcanbrasov.info\/wp-content\/uploads\/2014\/09\/linie-despartitor-5-final.jpg 654w, https:\/\/scoalavulcanbrasov.info\/wp-content\/uploads\/2014\/09\/linie-despartitor-5-final-300x5.jpg 300w, https:\/\/scoalavulcanbrasov.info\/wp-content\/uploads\/2014\/09\/linie-despartitor-5-final-250x4.jpg 250w\" sizes=\"(max-width: 654px) 100vw, 654px\" \/><\/a><\/p>\n<p style=\"text-align: justify;\"><a href=\"https:\/\/scoalavulcanbrasov.info\/wp-content\/uploads\/2014\/09\/10623491_443882265750001_4672267747287263161_o.jpg\"><img loading=\"lazy\" decoding=\"async\" class=\"alignleft size-thumbnail wp-image-935\" src=\"https:\/\/scoalavulcanbrasov.info\/wp-content\/uploads\/2014\/09\/10623491_443882265750001_4672267747287263161_o-150x150.jpg\" alt=\"10623491_443882265750001_4672267747287263161_o\" width=\"150\" height=\"150\" srcset=\"https:\/\/scoalavulcanbrasov.info\/wp-content\/uploads\/2014\/09\/10623491_443882265750001_4672267747287263161_o-150x150.jpg 150w, https:\/\/scoalavulcanbrasov.info\/wp-content\/uploads\/2014\/09\/10623491_443882265750001_4672267747287263161_o-48x48.jpg 48w, https:\/\/scoalavulcanbrasov.info\/wp-content\/uploads\/2014\/09\/10623491_443882265750001_4672267747287263161_o-45x45.jpg 45w\" sizes=\"(max-width: 150px) 100vw, 150px\" \/><\/a>In perioada 05-10 septembrie 2014, un num\u0103r de 7 cadre didactice din \u0219coala noastr\u0103 au participat \u00een mun. Tulcea, la cursul de formare a specialistilor pentru proiectul CIVIS \u00een care \u0219coala noastr\u0103 este partener\u0103.<\/p>\n<p style=\"text-align: justify;\"><span style=\"color: #0000ff;\"><strong>Proiectul CIVIS &#8211; Proiect cofinan\u021bat din Fondul Social European prin Programul Opera\u021bional Sectorial pentru Dezvoltarea Resurselor Umane 2007 &#8211; 2013 &#8211; Investe\u0219te \u00een oameni!<\/strong><\/span> &#8211; \u00ee\u0219i propune s\u0103 reintegreze \u00een sistemul de \u00eenv\u0103\u021b\u0103m\u00e2nt copii \u0219i tineri care au abandonat \u0219coala \u0219i care provin din jude\u021bele Bra\u0219ov \u0219i Gala\u021bi, astfel \u00eenc\u00e2t c\u00e2t mai mul\u021bi dintre ei s\u0103 finalizeze cel pu\u021bin ciclul primar de \u0219colarizare. \u00cen plus, obiectivul proiectului este s\u0103 sus\u021bin\u0103 pre\u0219colarii \u0219i elevii proveni\u021bi din comunit\u0103\u021bi dezavantajate, din cele dou\u0103 jude\u021be, prin ac\u021biuni integrate de reducere a abandonului \u0219colar \u0219i a riscului de p\u0103r\u0103sire timpurie a \u0219colii. Pentru aceasta unul din scopurile proiectului il constituie formarea a 120 de specialisti in combaterea abandonului scolar si implementarea Programului A doua sansa .<\/p>\n<p style=\"text-align: justify;\">&nbsp;La acest curs, reprezentantii a 8 scoli din cele doua judete au incercat si chiar au reusit sa faca un adevarat schimb de experienta, avand in vedere ca in unele scoli exista implementat programul A doua sans\u0103. Eforturile s-au concentrat pe o mai buna pregatire a tuturor actorilor implicati in procesul de educatie pentru a face fata problemei abandonului scolar, cresterii implicarii proactive a cadrelor didactice in combaterea abandonului scolar si renuntarii timpurii la educatie.<\/p>\n<p style=\"text-align: justify;\">Sesiunile de formare au avut o dimensiune practic\u0103. Timp de 5 zile, participan\u021bii \u0219i-au exersat abilit\u0103\u021bile de proiectare \u0219i organizare a activit\u0103\u021bilor de educa\u021bie non-formal\u0103, au participat la activit\u0103\u021bi de consiliere\/dezvoltare personal\u0103, individual\u0103 \u0219i de grup, de educa\u021bie remedial\u0103 centrat\u0103 pe elev.<\/p>\n<p style=\"text-align: justify;\">[flagallery gid=4]<\/p>\n<p style=\"text-align: justify;\"><a href=\"https:\/\/scoalavulcanbrasov.info\/wp-content\/uploads\/2014\/09\/linie-despartitor-5-final.jpg\"><img loading=\"lazy\" decoding=\"async\" class=\"alignleft wp-image-930\" src=\"https:\/\/scoalavulcanbrasov.info\/wp-content\/uploads\/2014\/09\/linie-despartitor-5-final.jpg\" alt=\"linie despartitor-5-final\" width=\"654\" height=\"13\" srcset=\"https:\/\/scoalavulcanbrasov.info\/wp-content\/uploads\/2014\/09\/linie-despartitor-5-final.jpg 654w, https:\/\/scoalavulcanbrasov.info\/wp-content\/uploads\/2014\/09\/linie-despartitor-5-final-300x5.jpg 300w, https:\/\/scoalavulcanbrasov.info\/wp-content\/uploads\/2014\/09\/linie-despartitor-5-final-250x4.jpg 250w\" sizes=\"(max-width: 654px) 100vw, 654px\" \/><\/a><\/p>\n<p style=\"text-align: justify;\"><a href=\"https:\/\/scoalavulcanbrasov.info\/wp-content\/uploads\/2014\/09\/1009074_500162060122021_629993099723812707_o.jpg\"><img loading=\"lazy\" decoding=\"async\" class=\"alignleft size-thumbnail wp-image-936\" src=\"https:\/\/scoalavulcanbrasov.info\/wp-content\/uploads\/2014\/09\/1009074_500162060122021_629993099723812707_o-150x150.jpg\" alt=\"1009074_500162060122021_629993099723812707_o\" width=\"150\" height=\"150\" srcset=\"https:\/\/scoalavulcanbrasov.info\/wp-content\/uploads\/2014\/09\/1009074_500162060122021_629993099723812707_o-150x150.jpg 150w, https:\/\/scoalavulcanbrasov.info\/wp-content\/uploads\/2014\/09\/1009074_500162060122021_629993099723812707_o-48x48.jpg 48w, https:\/\/scoalavulcanbrasov.info\/wp-content\/uploads\/2014\/09\/1009074_500162060122021_629993099723812707_o-45x45.jpg 45w\" sizes=\"(max-width: 150px) 100vw, 150px\" \/><\/a>In data de 27.01.2015, la Scoala Gimnaziala nr.2 Codlea, a avut loc o intalnire a scolilor implicate in proiectul CIVIS &#8211; Corelarea Invatarii pentru Viata cu Integrarea SocioEducativa.<\/p>\n<p style=\"text-align: justify;\">Tema intalnirii a constituit-o <span style=\"color: #ff0000;\"><strong>ORA DE TEATRU<\/strong><\/span>, activitate pentru care elevii Scolii Gimnaziale Vulcan, insotiti de directorul scolii, dl.prof. Marius Adrian DODA si preg\u0103titi de doamnele profesor Raluca POPA si Adina SCHIOPU, au pregatit piesa de teatru &#8220;Vizita&#8221;. Desi au prezentat aceasta piesa si cu alte ocazii, parca nu te mai saturi sa-i privesti cum interpreteaz\u0103 pe acesti copii minunati, deseori ai impresia ca in fata ta sunt actori adevarati si cu experienta. Felicitari lor ! Bravo : Georgiana Valcu, Adriana Coltea, Timeea Neculoiu, Alexia Oana, Andrei Vasiloiu, Laurentiu Curcubata !<\/p>\n<p style=\"text-align: justify;\">In a doua parte a activitatii, elevii din programul &#8220;A doua \u0219ans\u0103&#8221; au prezentat impreun\u0103 cu doamnele profesor Anisoara Coltea, Alexandra Fruntes \u0219i Loredana Blaj, un colaj de dansuri traditionale romanesti.<\/p>\n<p style=\"text-align: justify;\">Galeria foto a acestei activit\u0103\u021bi o pute\u021bi viziona <a href=\"https:\/\/www.facebook.com\/media\/set\/?set=a.500158390122388.1073741895.308766629261566&amp;type=1\" target=\"_blank\"><span style=\"color: #0000ff; font-size: 14px;\"><strong>AICI<\/strong><\/span><\/a> !<\/p>\n<p style=\"text-align: justify;\"><a href=\"https:\/\/scoalavulcanbrasov.info\/wp-content\/uploads\/2014\/09\/linie-despartitor-5-final.jpg\"><img loading=\"lazy\" decoding=\"async\" src=\"https:\/\/scoalavulcanbrasov.info\/wp-content\/uploads\/2014\/09\/linie-despartitor-5-final.jpg\" alt=\"linie despartitor-5-final\" width=\"654\" height=\"13\"><\/a><\/p>\n<p style=\"text-align: justify;\"><a href=\"https:\/\/scoalavulcanbrasov.info\/wp-content\/uploads\/2014\/09\/emisiune.png\"><img loading=\"lazy\" decoding=\"async\" class=\"alignleft size-thumbnail wp-image-1059\" src=\"https:\/\/scoalavulcanbrasov.info\/wp-content\/uploads\/2014\/09\/emisiune-150x150.png\" alt=\"emisiune\" width=\"150\" height=\"150\" srcset=\"https:\/\/scoalavulcanbrasov.info\/wp-content\/uploads\/2014\/09\/emisiune-150x150.png 150w, https:\/\/scoalavulcanbrasov.info\/wp-content\/uploads\/2014\/09\/emisiune-48x48.png 48w, https:\/\/scoalavulcanbrasov.info\/wp-content\/uploads\/2014\/09\/emisiune-45x45.png 45w\" sizes=\"(max-width: 150px) 100vw, 150px\" \/><\/a><\/p>\n<p style=\"text-align: justify;\"><span style=\"color: #ff0000;\"><strong>Familia si scoala &#8211; parteneri in educa\u021bie !<\/strong><\/span><\/p>\n<p style=\"text-align: justify;\">\u00cen data de 11.03.2015, la Radioteleviziunea NOVA TV Brasov, a avut loc a doua emisiune TV in cadrul Caravanei CIVIS, care a avut ca tem\u0103 Familia \u0219i \u0219coala &#8211; parteneri \u00een educa\u021bie. A fost o emisiune duplex in colaborare cu televiziunea Neptun TV din Constan\u021ba. In studioul din Bra\u0219ov au fost prezenti dna. prof. Mihaela POPA director al CCD Bra\u0219ov c\u00e2t \u0219i dl. Marius-Adrian DODA directorul \u0218colii Gimnaziale Vulcan.<br \/>\nEmisiunea a fost moderat\u0103 de Mircea VOICU.<br \/>\nPuteti urm\u0103ri emisiunea prin amabilitatea Radioteleviziunii NOVA TV dand click pe link-ul de mai jos:<\/p>\n<p style=\"text-align: justify;\"><a href=\"http:\/\/www.novapress.ro\/video\/punctul-pe-i-11-martie-2015-civis-3.html\" target=\"_blank\">http:\/\/www.novapress.ro\/video\/punctul-pe-i-11-martie-2015-civis-3.html<\/a><\/p>\n<p style=\"text-align: justify;\"><a href=\"https:\/\/scoalavulcanbrasov.info\/wp-content\/uploads\/2014\/09\/linie-despartitor-5-final.jpg\"><img loading=\"lazy\" decoding=\"async\" src=\"https:\/\/scoalavulcanbrasov.info\/wp-content\/uploads\/2014\/09\/linie-despartitor-5-final.jpg\" alt=\"linie despartitor-5-final\" width=\"654\" height=\"13\"><\/a><\/p>\n<p style=\"text-align: justify;\"><a href=\"https:\/\/scoalavulcanbrasov.info\/wp-content\/uploads\/2014\/09\/emisiune-8-aprilie.png\"><img loading=\"lazy\" decoding=\"async\" class=\"wp-image-1065 alignleft\" src=\"https:\/\/scoalavulcanbrasov.info\/wp-content\/uploads\/2014\/09\/emisiune-8-aprilie-150x150.png\" alt=\"emisiune 8 aprilie\" width=\"150\" height=\"150\" srcset=\"https:\/\/scoalavulcanbrasov.info\/wp-content\/uploads\/2014\/09\/emisiune-8-aprilie-150x150.png 150w, https:\/\/scoalavulcanbrasov.info\/wp-content\/uploads\/2014\/09\/emisiune-8-aprilie-48x48.png 48w, https:\/\/scoalavulcanbrasov.info\/wp-content\/uploads\/2014\/09\/emisiune-8-aprilie-45x45.png 45w\" sizes=\"(max-width: 150px) 100vw, 150px\" \/><\/a><span style=\"color: #ff0000;\"><strong>Parasirea timpurie a scolii, cauze si efecte<\/strong><\/span><\/p>\n<p style=\"text-align: justify;\">\u00cen data de 08 aprilie 2015, la Radioteleviziunea NOVA TV Brasov, a avut loc a treia emisiune TV in cadrul Caravanei CIVIS, care a avut ca tem\u0103 Parasirea timpurie a \u0219colii &#8211; cauze \u0219i efecte.<\/p>\n<p style=\"text-align: justify;\">In studioul de la Bra\u0219ov ( emisiunea fiind in duplex cu televiziunea TV Neptun) au fost prezente dna. Ioana Loghin &#8211; consilier \u0219colar in proiectul CIVIS \u0219i dra. Alexandra Frunte\u0219 &#8211; invatator ADS &#8211; \u0218coala Gimnaziala Vulcan.<\/p>\n<p style=\"text-align: justify;\">In emisiunea moderata de Mircea VOICU, au fost dezbatute probleme legate de cauzele abandonului \u0219colar, factorii care determin\u0103 p\u0103r\u0103sirea \u0219colii de c\u0103tre anumiti copii, implicarea comunit\u0103\u021bilor locale \u00een dac\u0103 nu stoparea, atunci in diminuarea numarului de copii care din diverse motive ( materiale, sociale, etc) ajung sa nu mai vina la \u0219coal\u0103. Deasemenea au fost purtate discutii \u0219i despre implicarea \u0219colii \u00een acest fenomen, cum poate scoala sa-i atraga pe acesti tineri din nou la \u0219coala c\u00e2t si despre importanta consilierii acestora in cadrul centrelor constituite in acest proiect CIVIS.<\/p>\n<p style=\"text-align: justify;\">Prin amabilitatea Radioteleviziunii Nova TV Bra\u0219ov, puteti urm\u0103ri emisiunea inregistrat\u0103 d\u00e2nd click pe link-ul de mai jos :<\/p>\n<p style=\"text-align: justify;\"><span style=\"color: #3366ff;\"><a href=\"http:\/\/www.novapress.ro\/video\/punctul-pe-i-8-aprilie-2015-civis-6.html\" target=\"_blank\"><span style=\"color: #3366ff;\">http:\/\/www.novapress.ro\/video\/punctul-pe-i-8-aprilie-2015-civis-6.html<\/span><\/a><\/span><\/p>\n<p style=\"text-align: justify;\"><a href=\"https:\/\/scoalavulcanbrasov.info\/wp-content\/uploads\/2014\/09\/linie-despartitor-5-final.jpg\"><img loading=\"lazy\" decoding=\"async\" src=\"https:\/\/scoalavulcanbrasov.info\/wp-content\/uploads\/2014\/09\/linie-despartitor-5-final.jpg\" alt=\"linie despartitor-5-final\" width=\"654\" height=\"13\"><\/a><\/p>\n<p style=\"text-align: justify;\"><a href=\"https:\/\/scoalavulcanbrasov.info\/wp-content\/uploads\/2014\/09\/Capture.png\"><img loading=\"lazy\" decoding=\"async\" class=\"alignleft size-thumbnail wp-image-1069\" src=\"https:\/\/scoalavulcanbrasov.info\/wp-content\/uploads\/2014\/09\/Capture-150x150.png\" alt=\"Capture\" width=\"150\" height=\"150\" srcset=\"https:\/\/scoalavulcanbrasov.info\/wp-content\/uploads\/2014\/09\/Capture-150x150.png 150w, https:\/\/scoalavulcanbrasov.info\/wp-content\/uploads\/2014\/09\/Capture-48x48.png 48w, https:\/\/scoalavulcanbrasov.info\/wp-content\/uploads\/2014\/09\/Capture-45x45.png 45w\" sizes=\"(max-width: 150px) 100vw, 150px\" \/><\/a><span style=\"color: #ff0000;\"><strong>Beneficiile parteneriatelor pentru institu\u021biile de \u00eenv\u0103\u021b\u0103m\u00e2nt<\/strong><\/span><\/p>\n<p style=\"text-align: justify;\">In data de 15.05.2015, la \u0218coala Gimnazial\u0103 M\u0103ieru\u0219 \u2013 CASE 1 , a avut loc intrunirea finala a \u0219colilor implicate \u00een proiectul CIVIS din Centrele de asisten\u021b\u0103 socio-educativa din M\u0103ieru\u0219 \u0219i Codlea.<\/p>\n<p style=\"text-align: justify;\">La acest eveniment au participat directorii \u0219colilor implicate \u00een proiect, cadre didactice , precum \u0219i reprezentantul AJOFM Bra\u0219ov.<\/p>\n<div>\n<p style=\"text-align: justify;\">Participan\u021bii au f\u0103cut o analiza a rezultatelor ob\u021binute \u00een cadrul proiectului, beneficiile Programului A doua \u0219ans\u0103 \u0219i implica\u021biile acestuia \u00een via\u021ba comunit\u0103\u021bii precum \u0219i solu\u021bii de \u00eembun\u0103t\u0103tire a prezen\u021bei institu\u021biilor de \u00eenv\u0103\u021b\u0103m\u00e2nt \u00een via\u021ba comunit\u0103\u021bii de provenien\u021b\u0103.<\/p>\n<p style=\"text-align: justify;\">Prin amabilitatea Radioteleviziunii NOVA TV Bra\u0219ov v\u0103 prezent\u0103m reportajul realizat cu aceast\u0103 ocazie incepand cu minutul 10.30.<\/p>\n<p><a href=\"http:\/\/www.novapress.ro\/video\/jurnal-15-mai.html\" target=\"_blank\"><span style=\"color: #0000ff;\"><span style=\"color: #0000ff;\">http:\/\/www.novapress.ro\/video\/jurnal-15-mai.html<\/span><\/span><\/a><\/p>\n<\/div>\n<p style=\"text-align: justify;\">__________________________________________________________________________________________________________________<\/p>\n<p align=\"center\"><span style=\"font-size: 10px;\">AXA PRIORITAR\u0102 2 \u201eCorelarea \u00eenv\u0103\u0163\u0103rii pe tot parcursul vie\u0163ii cu pia\u0163a muncii\u201d<\/span><\/p>\n<p align=\"center\"><span style=\"font-size: 10px;\">DOMENIUL MAJOR DE INTERVEN\u0162IE 2.2. \u201ePrevenirea \u015fi corectarea p\u0103r\u0103sirii timpurii a \u015fcolii\u201d<\/span><\/p>\n<p align=\"center\"><span style=\"font-size: 10px;\">Titlul proiectului:<strong> \u201eCorelarea Invatarii pentru Viata cu Integrarea Socio-educativa \u2013 CIVIS\u201d<\/strong><\/span><\/p>\n<p align=\"center\"><span style=\"font-size: 10px;\">Num\u0103rul de identificare al contractului: POSDRU\/162\/2.2\/S\/140293<\/span><\/p>\n<div id=\"link64_adl_tabid\" style=\"display: none;\" data-url=\"https:\/\/scoalavulcanbrasov.info\/wp-admin\/post.php?post=708&amp;action=edit&amp;message=1\">77<\/div>\n","protected":false},"excerpt":{"rendered":"<p>Corelarea Invatarii pentru Viata cu Integrarea SocioEducativa, CIVIS \u2013 ID 140293 Obiectivul general al proiectului resterea numarului de copii\/tineri reintegrati in sistemul de invatamant si sustinerea prescolarilor si elevilor proveniti [&hellip;]<\/p>\n","protected":false},"author":1,"featured_media":0,"parent":0,"menu_order":0,"comment_status":"closed","ping_status":"closed","template":"","meta":{"footnotes":""},"_links":{"self":[{"href":"https:\/\/scoalavulcanbrasov.info\/index.php?rest_route=\/wp\/v2\/pages\/708"}],"collection":[{"href":"https:\/\/scoalavulcanbrasov.info\/index.php?rest_route=\/wp\/v2\/pages"}],"about":[{"href":"https:\/\/scoalavulcanbrasov.info\/index.php?rest_route=\/wp\/v2\/types\/page"}],"author":[{"embeddable":true,"href":"https:\/\/scoalavulcanbrasov.info\/index.php?rest_route=\/wp\/v2\/users\/1"}],"replies":[{"embeddable":true,"href":"https:\/\/scoalavulcanbrasov.info\/index.php?rest_route=%2Fwp%2Fv2%2Fcomments&post=708"}],"version-history":[{"count":25,"href":"https:\/\/scoalavulcanbrasov.info\/index.php?rest_route=\/wp\/v2\/pages\/708\/revisions"}],"predecessor-version":[{"id":1278,"href":"https:\/\/scoalavulcanbrasov.info\/index.php?rest_route=\/wp\/v2\/pages\/708\/revisions\/1278"}],"wp:attachment":[{"href":"https:\/\/scoalavulcanbrasov.info\/index.php?rest_route=%2Fwp%2Fv2%2Fmedia&parent=708"}],"curies":[{"name":"wp","href":"https:\/\/api.w.org\/{rel}","templated":true}]}}